92?
3955
In base 13, what is -1781 - 7358?
-8b09
In base 7, what is -1001 + 146354?
145353
In base 6, what is 31544520 - -4?
31544524
In base 14, what is -1bdaa47 + -5?
-1bdaa4c
In base 9, what is 336 + -1551385?
-1551048
In base 4, what is -2131 + 22321100?
22312303
In base 13, what is 2b2b90 - -25?
2b2bb5
In base 8, what is 13174 + -113?
13061
In base 4, what is -3023230 + 332030?
-2031200
In base 8, what is 23755 - -10255?
34232
In base 8, what is 1106263 + 220?
1106503
In base 6, what is -3021 - -244?
-2333
In base 16, what is b63 + 19e8?
254b
In base 13, what is 4 + -405a52?
-405a4b
In base 15, what is 37c8b7 - -51?
37c918
In base 4, what is -1212220121233 + -3?
-1212220121302
In base 16, what is -27666 - ba6?
-2820c
In base 2, what is -100 - -1110000110111111010110000?
1110000110111111010101100
In base 5, what is 4332342 - -1302?
4334144
In base 10, what is 1142004 - -89?
1142093
In base 11, what is -3a242880 + -4?
-3a242884
In base 8, what is 3 - 6161251?
-6161246
In base 8, what is 55 + 736473?
736550
In base 14, what is -239c7 + 132?
-23895
In base 4, what is 1322 - -2101030?
2103012
In base 14, what is -2c76 + -89?
-2d21
In base 7, what is 5 - 5261145243?
-5261145235
In base 10, what is -16 + -6303669?
-6303685
In base 13, what is -161aa1 + 5?
-161a99
In base 10, what is -52 + 89932?
89880
In base 3, what is -210012200122120 + 0?
-210012200122120
In base 13, what is -23302 + 3?
-232cc
In base 16, what is 0 + -cf03de?
-cf03de
In base 12, what is 2133 + 49a1?
6b14
In base 14, what is 7ad7d + -3?
7ad7a
In base 6, what is -13504 + -2153420?
-2211324
In base 4, what is 23 - 112110100201?
-112110100112
In base 2, what is -1011111001110011111 + 10110?
-1011111001110001001
In base 4, what is -123311332 - -30232?
-123221100
In base 14, what is 794d - 6b?
78c2
In base 10, what is 22416 + -281?
22135
In base 6, what is 30 - 22103541?
-22103511
In base 4, what is 132320120123 + 3?
132320120132
In base 3, what is 2221200022102 - -20?
2221200022122
In base 5, what is -13432101323 + 1?
-13432101322
In base 6, what is 25 + 1515243022?
1515243051
In base 3, what is -1211212222212 + 1111?
-1211212221101
In base 3, what is -201102210 + 102200110?
-21202100
In base 6, what is 553012 + 3201?
1000213
In base 4, what is 1011 - 3002033310?
-3002032233
In base 3, what is -2102110112201100 + -120?
-2102110112201220
In base 8, what is 1 - 140322424?
-140322423
In base 16, what is -1cf462 - -3?
-1cf45f
In base 8, what is 155 + -3037354?
-3037177
In base 10, what is 82 + 233298?
233380
In base 2, what is 11011100101110111100101110 - 11?
11011100101110111100101011
In base 11, what is 4493a - 22?
44918
In base 2, what is -10 + -1001110001001111010101?
-1001110001001111010111
In base 4, what is 132022 - 232100?
-100012
In base 2, what is 110 - 11010111100001101000000?
-11010111100001100111010
In base 10, what is 116977 + -59?
116918
In base 9, what is -2 - 11444843?
-11444845
In base 3, what is -110 - 1112002211011?
-1112002211121
In base 10, what is -4 + 21451071?
21451067
In base 6, what is -5552441 - 121?
-5553002
In base 13, what is -65 + 52b?
496
In base 2, what is -1000111 - -1100101000000000101010?
1100100111111111100011
In base 16, what is -8d4 - -f7a?
6a6
In base 5, what is 2 + -331230101?
-331230044
In base 10, what is -8635528 + -2?
-8635530
In base 6, what is 31 - -254522201?
254522232
In base 7, what is -123544620 - 5?
-123544625
In base 6, what is 4005304 - -12315?
4022023
In base 6, what is 131 - -10403040?
10403211
In base 11, what is 4 + 250789a?
25078a3
In base 11, what is 768 + 40161?
40919
In base 3, what is 11111120110211 - 11?
11111120110200
In base 13, what is -1c2761 - 1c?
-1c2780
In base 13, what is 1740 + 6c7c?
86bc
In base 11, what is 27575 - -2a3?
27868
In base 15, what is 160ed - 6d4?
15919
In base 10, what is 4678376 - 1?
4678375
In base 7, what is 165461 - -1552?
200343
In base 14, what is 5274 - 101?
5173
In base 3, what is -12220122002200 - -22?
-12220122002101
In base 6, what is -4014 - -2014?
-2000
In base 6, what is 0 + -20401135443?
-20401135443
In base 11, what is 1280196 - -1?
1280197
In base 3, what is 10120 - -121001021112002?
121001021122122
In base 7, what is 2051213 - 136?
2051044
In base 11, what is -7a - 1a8a72?
-1a9041
In base 14, what is 45 - 50585b?
-505816
In base 3, what is -1212002102221 + -100010?
-1212002210001
In base 11, what is 19a3 + 1239?
3131
In base 7, what is -113503 + 16050?
-64423
In base 16, what is -5c2cb7f - -5?
-5c2cb7a
In base 3, what is -101222122111 - -1121?
-101222120220
In base 14, what is 8 - -59c7b60?
59c7b68
In base 4, what is -331 + 311000110?
310333113
In base 14, what is 19db + -204?
17d7
In base 12, what is -7 + b3568b?
b35684
In base 6, what is -4514 + 114150?
105232
In base 16, what is 29cb - -14702?
170cd
In base 6, what is 3520 - -520442?
524402
In base 10, what is -52503 + 367?
-52136
In base 8, what is -45 - 71447444?
-71447511
In base 5, what is -1001 - 30030143?
-30031144
In base 3, what is 21212101220202010 + 21?
21212101220202101
In base 11, what is 10a5262 + -14?
10a5249
In base 9, what is 30 - -16274645?
16274675
In base 13, what is -3caa7a - -a?
-3caa70
In base 6, what is 25 + 133403235?
133403304
In base 12, what is -72 - -83519?
83467
In base 4, what is 111110 - 101133223?
-101022113
In base 15, what is 181e453a - -2?
181e453c
In base 16, what is 6f - 23dbc2?
-23db53
In base 12, what is 54 - 989489?
-989435
In base 10, what is -99 - 45465?
-45564
In base 2, what is -100 - -11101110010001001110111001?
11101110010001001110110101
In base 3, what is -1 - 12212021010201?
-12212021010202
In base 10, what is -416 - 5581?
-5997
In base 16, what is -6f89378b + 2?
-6f893789
In base 5, what is 203411 - 2210?
201201
In base 11, what is 2 + 804a24a?
804a251
In base 6, what is 1034 - 25300?
-24222
In base 11, what is 10 - 24787?
-24777
In base 2, what is 11110101101101100010 - -10000?
11110101101101110010
In base 6, what is -2154335224 + -21?
-2154335245
In base 2, what is 11001101001001 + -110011110000111?
-11010000111110
In base 4, what is -1333321100 - 20?
-1333321120
In base 8, what is 4532 - -53644?
60376
In base 2, what is 110001 + -110101110100011011100?
-110101110100010101011
In base 8, what is -1000 - 156613?
-157613
In base 2, what is -1001000101000101101100011 - -10000?
-1001000101000101101010011
In base 13, what is -75015 - -bb?
-74c27
In base 11, what is -3099212 - -1?
-3099211
In base 11, what is 1 + 4952426?
4952427
In base 9, what is 11880186 - 3?
11880183
In base 15, what is 37 - 16b5c6?
-16b58e
In base 6, what is -1425510 + 12?
-1425454
In base 11, what is -4 - 154962?
-154966
In base 13, what is -2 - -763499?
763497
In base 5, what is 23 - 121203212444?
-121203212421
In base 15, what is -4 + -1a4e7da?
-1a4e7de
In base 8, what is 14403 + 52416?
67021
In base 3, what is 100 - 1001122202211002?
-1001122202210202
In base 3, what is 20211 - -110220122010?
110220212221
In base 3, what is 101012 - 111000222010222?
-111000221202210
In base 8, what is 215545276 + 5?
215545303
In base 7, what is -1 + 35050456?
35050455
In base 6, what is -12144 - -5303?
-2441
In base 8, what is 2 - 31500706?
-31500704
In base 11, what is 24a14 + 227?
25140
In base 11, what is -6361 + -3801?
-a062
In base 2, what is -1010101111111110 + -10011001001010?
-1101001001001000
In base 11, what is 23766 - 81?
23695
In base 2, what is -101101000010100010 - -100101001?
-101100111101111001
In base 8, what is -22 + 24256020?
24255776
In base 15, what is -2 + e9dc4c?
e9dc4a
In base 3, what is -1010220 + 2012222220?
2011212000
In base 12, what is -130005 + -19?
-130022
In base 13, what is 4a24a3 + -a?
4a2496
In base 3, what is -110002 + -11201002211220?
-11201010021222
In base 3, what is -11000011202 - 1021002?
-11001102211
In base 15, what is -13983c8 + 2?
-13983c6
In base 3, what is 10000 + 1101000202101?
1101000212101
In base 9, what is -4170663 + 12?
-4170651
In base 3, what is -10 + 21121222010001110?
21121222010001100
In base 12, what is -1a3 + 845115?
844b32
In base 5, what is 223433 - 3430414?
-3201431
In base 10, what is -51703475 + 4?
-51703471
In base 13, what is -3 - -4ab683?
4ab680
In base 5, what is -403 + -111311203?
-111312111
In base 3, what is -212 + -12222221022?
-12222222011
In base 